- 649, -5*h = -3*s + j. What is the units digit of s?
3
Let i = -3 + 8. Let r(j) = -4*j + 5 + 16 - 2*j + i. What is the tens digit of r(-6)?
6
Let o be 6 - (4 - (-5 - -10)). Let f be 56/(-14) + -2 + o + -1. Suppose f = -g + 8*g - 238. What is the units digit of g?
4
Let p = 20657 - -7972. What is the ten thousands digit of p?
2
Let o be (-617)/(-1)*(12 + -11). Suppose -16*p - o = -1849. What is the units digit of p?
7
Let v(a) = -7*a - 172. Let q be v(-25). What is the hundreds digit of (333 - (q - -1))*(-36)/(-14)?
8
Let x = 5290 + -1898. What is the thousands digit of x?
3
Let l(q) be the third derivative of 3/20*q**5 - 1/120*q**6 + 0 + 2/3*q**3 + 0*q + 0*q**4 - 2*q**2. What is the units digit of l(9)?
4
Let x(q) = 17*q - 80. Let j be x(5). Suppose 546 = -2*g + 4*g + j*n, 0 = -3*n. What is the hundreds digit of g?
2
Let i = 18160 + -12228. What is the hundreds digit of i?
9
Let s(g) = 5*g**2 + 6*g + 21. Let h(b) = -3*b - 9. Let v be h(-6). Suppose 2*a + v = 1. What is the units digit of s(a)?
7
Suppose -2680408 + 763568 = -20*g. Suppose g - 26827 = 43*w. What is the hundreds digit of w?
6
Let r(s) = -s**3 - 2*s**2 - 3. Let c be r(-4). Let k = -13 - c. What is the tens digit of ((-1232)/k)/((-1)/(-3))?
8
Suppose -4*s + 4569 = 5*u, -5*s - u = 3*u - 5700. Suppose -4*b = -2*h + s, 5*b = 9*b + 4. What is the hundreds digit of h?
5
Let j = 645 - 243. Let f = j + -186. What is the units digit of f?
6
Let d(m) = -8*m - 13 - 3*m - 42. Let y be d(-5). Suppose u + 0*f + f - 214 = y, 0 = -3*f + 12. What is the hundreds digit of u?
2
Let y be -24*1/9*-3. Let i(h) = -h**3 + 8*h**2 - h + 20. Let b be i(y). Let v = 12 + b. What is the tens digit of v?
2
Suppose -s + 109380 = 5*p, -23*p - 2*s + 65628 = -20*p. What is the ten thousands digit of p?
2
Let c(n) = 2*n**2 - 13*n - 5. Let w be c(7). Let h be (117/26)/((-1)/w). What is the units digit of (156/(-9))/(2/h)?
8
Suppose o = -5*d + 6277, 2*o - 603*d + 608*d = 12559. What is the units digit of o?
2
Suppose o - 4165 = -3*c + 707, o - 4*c - 4837 = 0. What is the thousands digit of o?
4
Let g(v) be the second derivative of 35*v**4/12 - v**3 - 2*v**2 + v. Suppose 0 = -113*t - 169 - 57. What is the hundreds digit of g(t)?
1
Let r = 55 - -54. Let y(b) = 2*b**2 - 15*b + 31. Let c be y(5). What is the tens digit of (c/8)/(5/(-20)) + r?
0
Let n = 63 - 60. Suppose d - n*u + 134 = 0, -4*d + 2*d - 3*u - 241 = 0. Let g = 222 + d. What is the units digit of g?
7
What is the units digit of 78 - -1705 - (4 + 1 + -2)?
0
Suppose 0 = -2*f - 2*x + 83482, 0 = 9*f - 5*f + 2*x - 166958. What is the hundreds digit of f?
7
Let y = -2120 + 3239. Suppose -y = 70*q - 73*q. What is the hundreds digit of q?
3
Let z be 56/(-14) - (1 - 2194). Suppose 8*u + 5*c = 4*u + z, -4*u = -5*c - 2179. What is the hundreds digit of u?
5
Suppose 0 = 25*i + 3530 - 15805. What is the units digit of i/7 - (-11)/(-77)?
0
Let r(q) = 2*q + 27. Let k be r(0). Suppose -18 = 3*t - k. Suppose -t*y = -8*o + 3*o - 208, -o + 156 = 2*y. What is the tens digit of y?
7
Let r = -376 + 379. Suppose -g + 2*h - 154 = -751, 1786 = r*g - 5*h. What is the hundreds digit of g?
5
Suppose 0 = -46*o + 2145668 + 786464. What is the tens digit of o?
4
Suppose i + 5*l - 5 = -0*l, 5*i - 5*l = 25. Suppose i*x - 76 = a, -a + 4 = -x + 4*a. What is the tens digit of ((-312)/x)/(9/(-48))?
0
Suppose 15 = -3*t - 3*n, -2*t - 3*n - 25 = 3*t. Let c(y) be the second derivative of -y**3/3 - 7*y**2/2 + 3*y. What is the units digit of c(t)?
3
Suppose 0 = -2*k + 2*h - 20 + 8, -5*h = -k + 2. Let i be (k + 1)*(-60)/12. Let r = i - 29. What is the units digit of r?
6
What is the units digit of (18 - -16005) + ((4 - 2)/2)/1?
4
Suppose 701274 - 2462814 = -55*z. What is the hundreds digit of z?
0
What is the thousands digit of 1*29734*(-20)/(-40)?
4
Let o(y) = y - 42. Let w(q) = -21. Let x(v) = 6*o(v) - 11*w(v). Let t(n) = 9*n + 50. Let s be t(-5). What is the units digit of x(s)?
9
Let m = -345 + 109. Let k = 8 - m. Suppose -4*t + k = -2*t. What is the tens digit of t?
2
Let g(s) be the first derivative of -s**5/60 - 17*s**4/24 + 8*s**3/3 - 3*s**2 + 9. Let l(n) be the second derivative of g(n). What is the tens digit of l(-11)?
8
Let l(q) = q - 27*q**3 + 4*q**2 + 2 + 26*q**3 - 4*q. Let u be l(3). Let s = u + 102. What is the units digit of s?
4
Suppose 0 = -47*f + 180*f - 1948184. What is the thousands digit of f?
4
Suppose 2217719 = -128*j + 7556855. What is the units digit of j?
2
Suppose 15743 = p - f, -4*f - 47226 = -15*p + 12*p. What is the tens digit of p?
4
Let r(y) = -1228*y**3 - y**2 - 23*y - 23. Suppose 0 = 2*q + 15 - 13. What is the hundreds digit of r(q)?
2
Let v(n) = 2*n**3 - 8*n**2 + 4*n - 9. Let b be v(4). Suppose -5*s - b + 47 = 0. Suppose 3*k = -3*g + 51, -2*g - k = -31 - s. What is the tens digit of g?
2
Suppose -1016 = 10*d + 5734. Let q be -3 + (-1)/(5/d). Suppose 4*t = -4, -q = -2*s + 3*t + 85. What is the hundreds digit of s?
1
Let n be (-1 + 126/(-3))*(2 + -49). Suppose -3*s - 2*c + n = 0, -5*c = 3*s - 1595 - 420. Suppose 0 = -i - 4*i + s. What is the units digit of i?
5
Suppose k = -5*b - 2383 + 11115, 0 = -3*k - 5*b + 26126. What is the hundreds digit of k?
6
Suppose -3*i = -4*p + 10294 + 28697, -p + 2*i = -9739. What is the tens digit of p?
5
Let u = -29 + 28. What is the tens digit of u/6 + 12460/24?
1
Suppose -36298*z + 1523646 = -36251*z. What is the units digit of z?
8
Let p(o) = -o**3 - 3*o**2 - 2*o. Let x be p(-2). Suppose 0 = -3*d - 2*t + 1597, 4*d + 48*t - 47*t - 2126 = x. What is the hundreds digit of d?
5
Let b(o) = -2*o**3 - 27*o**2 - 17*o + 8. Let x be b(-13). Suppose 57*i = x*i - 3804. What is the units digit of i?
8
Let w(r) = 11*r**2 + 4*r + 8. Let a(x) = -x**2 - 7*x + 4. Let q be a(0). What is the hundreds digit of w(q)?
2
What is the units digit of (-811)/(-2) + 21/(-14)?
4
Let l be 198 - (-4)/(-6)*3/1. Suppose -10*i + 6*i = l. Let n = 90 + i. What is the units digit of n?
1
Let k be 1/(((-2)/2)/(-66)). Let p = -12886 + 12879. Let d = p + k. What is the units digit of d?
9
Let p(a) = 2*a**2 + 20*a - 6. Let o be p(-10). Let v = -46 - o. Let i = v - -66. What is the units digit of i?
6
Let c(p) = -4*p + 5. Let r(m) = 4*m - 4. Let h(u) = -4*c(u) - 3*r(u). Let s be h(6). Suppose 5*i + b = s, b + 20 = 5*i + 6*b. What is the units digit of i?
3
Suppose -87*w = -74*w - 35815. Suppose -w = -2*t - d - 229, 3*t - 3803 = 2*d. What is the tens digit of t?
6
Suppose 2035 = 4*r - 713. Suppose r = -10*q + 13*q. Suppose 5*f - q = 51. What is the units digit of f?
6
Let g be 4604/8*(3 + 3 + -4). Let f = g + -663. What is the tens digit of f?
8
Let x(d) = -4*d + 20. Let r be x(5). Suppose r = -b + 411 - 109. What is the tens digit of b?
0
What is the hundreds digit of (272/6)/(27260/(-3030) + (23 - 14))?
7
Let l(n) be the first derivative of 5*n**2/2 + 4*n - 7. Let h(g) = -12*g - 78. Let f be h(-7). What is the units digit of l(f)?
4
Let u be 1*(-8 - -6 - 0). What is the hundreds digit of 7 + -4 + (-3 - u - -274)?
2
Let o be (-169)/(-39) + (-5)/((-45)/6). Suppose -o*v - 6*c + 6783 = -2*c, -c - 1362 = -v. What is the units digit of v?
9
Let h(z) be the third derivative of -6*z**2 - 7/6*z**3 + 0*z + 0 + 1/2*z**4. What is the units digit of h(6)?
5
Let j be (-1 - 0) + (-6)/2 + 6. Suppose -j*v + 2*r - 522 = -2520, 4*v = r + 4002. What is the thousands digit of v?
1
Suppose -2*q - 3*m = 5, 0*m = 2*q - 2*m - 10. Suppose -4*c + 1134 = q*u, 2*c - 3*u + 846 = 5*c. What is the units digit of c?
5
Let t be (37 - 6)/((-3)/45). What is the units digit of 3 - t/(-1 + 4)?
8
Let q(o) = o**3 + 28*o**2 - 2. Let h be q(-17). Suppose -h = -3*v - 300. What is the hundreds digit of v?
9
Let j = -18341 + 50615. What is the tens digit of j?
7
Let c(v) = 45*v**2 - 12*v + 192. What is the hundreds digit of c(17)?
9
Suppose 34*m = 12*m + 130086. What is the thousands digit of m?
5
Let w = 24 + -98. Let u = w - -46. Let f = 42 - u. What is the units digit of f?
0
Let b = 45 - 30. Suppose 5*f + b = a, 4*a = f + f + 24. What is the units digit of (70/(-25))/((-1)/a)?
4
Let d(m) = -1625*m + 3714. What is the ten thousands digit of d(-4)?
1
Suppose 432*l = 421*l + 57266. What is the units digit of l?
6
Suppose 0 = 4*z - 8*z. Suppose 2*j = -0*j - 4*b + 104, -j - 5*b + 37 = z. What is the tens digit of j